r of 26006?
False
Is 7 a factor of 247443?
True
Does 733 divide 115814?
True
Does 30 divide 1694660?
False
Is 58 a factor of 538182?
True
Is 11 a factor of 11499609?
True
Is 8305 a multiple of 13?
False
Is 60951 a multiple of 33?
True
Does 72 divide 8017344?
True
Is 66 a factor of 208824?
True
Is 1033780 a multiple of 1270?
True
Is 736 a factor of 18927605?
False
Is 221715 a multiple of 379?
True
Does 28 divide 1014400?
False
Is 184 a factor of 655239?
False
Is 402780 a multiple of 6?
True
Is 68273 a multiple of 4?
False
Is 257 a factor of 318303?
False
Is 427011 a multiple of 295?
False
Does 103 divide 133282?
True
Does 482 divide 810982?
False
Is 17 a factor of 13416?
False
Is 91374 a multiple of 48?
False
Does 216 divide 106087?
False
Is 1018163 a multiple of 92?
False
Does 67 divide 876159?
True
Is 223696 a multiple of 164?
True
Is 15 a factor of 992745?
True
Is 13360836 a multiple of 24?
False
Is 5793984 a multiple of 24?
True
Does 148 divide 663040?
True
Is 28043 a multiple of 37?
False
Does 40 divide 6949160?
True
Does 189 divide 13419?
True
Does 9 divide 1025514?
True
Is 85749 a multiple of 15?
False
Is 15 a factor of 2752429?
False
Is 5 a factor of 65371?
False
Is 12754 a multiple of 25?
False
Is 71968 a multiple of 416?
True
Does 1410 divide 30372453?
False
Is 1189020 a multiple of 57?
True
Is 7 a factor of 90405?
True
Is 698725 a multiple of 263?
False
Does 215 divide 181245?
True
Is 60606 a multiple of 39?
True
Is 562 a factor of 2075592?
False
Is 279 a factor of 2079186?
False
Is 147 a factor of 7307?
False
Is 4 a factor of 7790157?
False
Does 31 divide 5537468?
True
Is 1517001 a multiple of 7?
False
Is 8 a factor of 167232?
True
Does 19 divide 237186?
False
Is 1037352 a multiple of 12?
True
Does 8 divide 110829?
False
Is 75 a factor of 1038660?
False
Does 476 divide 2708440?
True
Is 55279 a multiple of 149?
True
Is 270765 a multiple of 9?
True
Does 2 divide 40185?
False
Is 232 a factor of 441743?
False
Is 12 a factor of 2161306?
False
Does 95 divide 1634190?
True
Does 40 divide 120?
True
Does 53 divide 72332?
False
Is 848276 a multiple of 15?
False
Is 313917 a multiple of 616?
False
Is 26 a factor of 259276?
False
Is 41 a factor of 81795?
True
Is 1014234 a multiple of 114?
False
Is 3 a factor of 230769?
True
Does 36 divide 98280?
True
Is 466304 a multiple of 300?
False
Does 149 divide 197127?
True
Is 275 a factor of 3153425?
True
Is 171637 a multiple of 60?
False
Is 216647 a multiple of 10?
False
Does 4 divide 21756?
True
Does 113 divide 2670781?
False
Is 9 a factor of 2078666?
False
Is 8657047 a multiple of 240?
False
Does 126 divide 9258933?
False
Is 99375 a multiple of 15?
True
Is 12104 a multiple of 136?
True
Is 13 a factor of 13734179?
False
Is 152 a factor of 149112?
True
Does 25 divide 239173?
False
Is 115 a factor of 238510?
True
Is 54498 a multiple of 6?
True
Does 53 divide 27242?
True
Is 40 a factor of 23695000?
True
Does 44 divide 2097936?
False
Does 178 divide 250090?
True
Is 30 a factor of 163011?
False
Is 2 a factor of 3484693?
False
Does 10 divide 764804?
False
Is 243 a factor of 86022?
True
Is 619758 a multiple of 18?
True
Is 2797621 a multiple of 431?
True
Is 39 a factor of 431379?
True
Is 305 a factor of 109190?
True
Is 180 a factor of 11557337?
False
Is 19510 a multiple of 10?
True
Does 19 divide 9017894?
True
Is 20 a factor of 104003?
False
Does 20 divide 200240?
True
Is 16 a factor of 3469?
False
Is 9995076 a multiple of 1582?
True
Does 489 divide 7120429?
False
Is 672882 a multiple of 37?
True
Does 992 divide 2398997?
False
Is 1334070 a multiple of 61?
True
Does 50 divide 247200?
True
Is 18 a factor of 11160?
True
Is 17 a factor of 49979?
False
Is 470 a factor of 1379920?
True
Is 430483 a multiple of 527?
False
Is 7181414 a multiple of 5?
False
Is 11 a factor of 7607589?
True
Does 3 divide 55898?
False
Is 2272057 even?
False
Is 639 a factor of 542477?
False
Does 291 divide 653586?
True
Does 31 divide 2402624?
True
Is 2825320 a multiple of 166?
True
Does 5 divide 251765?
True
Is 99441 a multiple of 9?
True
Does 31 divide 223727?
True
Does 1567 divide 6032431?
False
Is 1169 a factor of 8181779?
False
Is 121128 a multiple of 412?
True
Does 134 divide 117518?
True
Is 204624 a multiple of 29?
True
Is 2081013 a multiple of 15?
False
Does 134 divide 3673342?
True
Does 2 divide 1074216?
True
Does 26 divide 1750112?
True
Is 18 a factor of 142920?
True
Does 250 divide 5363500?
True
Is 17 a factor of 5713632?
True
Is 188 a factor of 857491?
False
Does 18 divide 15750?
True
Is 3756780 a multiple of 60?
True
Is 659448 a multiple of 19?
False
Is 9 a factor of 59631?
False
Does 7 divide 69461?
True
Does 16 divide 349542?
False
Does 24 divide 805262?
False
Is 606522 a multiple of 21?
True
Is 156036 even?
True
Does 87 divide 4295446?
False
Is 733479 a multiple of 6?
False
Does 150 divide 1393800?
True
Is 29082 a multiple of 5?
False
Does 13 divide 162531?
False
Does 35 divide 5433645?
True
Is 78 a factor of 795737?
False
Is 215 a factor of 335661?
False
Does 214 divide 235400?
True
Does 13 divide 1497103?
False
Does 8 divide 17702?
False
Is 868462 a multiple of 697?
True
Does 20 divide 817460?
True
Is 5509503 a multiple of 730?
False
Does 5 divide 1410?
True
Is 161 a factor of 520906?
False
Does 31 divide 811073?
False
Is 21929 a multiple of 96?
False
Is 141027 a multiple of 324?
False
Is 350833 a multiple of 48?
False
Is 2453386 a multiple of 127?
True
Is 4 a factor of 23909?
False
Is 282 a factor of 26805830?
False
Is 44390 a multiple of 386?
True
Is 18235578 a multiple of 410?
False
Is 3261173 a multiple of 9?
False
Is 324 a factor of 247212?
True
Does 35 divide 588945?
True
Does 65 divide 1871524?
False
Is 77832 a multiple of 46?
True
Is 10825819 a multiple of 81?
False
Does 4 divide 7396?
True
Does 124 divide 407621?
False
Is 17 a factor of 35789?
False
Is 652 a factor of 30274316?
True
Is 664467 a multiple of 394?
False
Is 252406 a multiple of 30?
False
Is 1170075 a multiple of 25?
True
Does 296 divide 4141817?
False
Is 893 a factor of 13511983?
True
Does 5 divide 3578068?
False
Is 19 a factor of 8919189?
True
Does 9 divide 16856?
False
Does 16 divide 76016?
True
Does 697 divide 197948?
True
Does 73 divide 134174?
True
Is 76237 a multiple of 4?
False
Is 57 a factor of 57238?
False
Does 762 divide 296418?
True
Is 9110963 a multiple of 17?
True
Is 279472 even?
True
Is 194348 a multiple of 252?
False
Is 149428 a multiple of 91?
False
Is 15 a factor of 8133345?
True
Does 59 divide 2483959?
True
Does 16 divide 1402080?
True
Does 91 divide 1010009?
True
Is 10 a factor of 399850?
True
Is 53 a factor of 1172360?
True
Is 1312972 a multiple of 112?
False
Does 21 divide 994959?
True
Does 10 divide 1052177?
False
Does 50 divide 4246450?
True
Is 359 a factor of 1638835?
True
Is 7038 a multiple of 153?
True
Is 23 a factor of 1876938?
True
Is 6 a factor of 1557?
False
Is 146488 a multiple of 62?
False
Is 187665 a multiple of 5?
True
Is 361433 a multiple of 99?
False
Is 332 a factor of 79258?
False
Does 15 divide 2237521?
False
Is 1123219 a multiple of 7?
False
Is 380136 a multiple of 621?
False
Is 77376 a multiple of 186?
True
Is 11 a factor of 47894?
True
Is 140 a factor of 2566526?
False
Does 45 divide 6059286?
False
Is 39 a factor of 149136?
True
Does 671 divide 547153?
False
Is 7 a factor of 18109?
True
Is 3 a factor of 14100?
True
Is 11286465 a multiple of 47?
False
Does 720 divide 75600?
True
Does 63 divide 51208?
False
Does 16 divide 870615?
False
Does 117 divide 63558?
False
Does 55 divide 147461?
False
Is 187 a factor of 342657?
False
Is 260 a factor of 1167989?
False
Is 640135 a multiple of 289?
True
Is 15 a factor of 223912?
False
Does 935 divide 113135?
True
Is 80 a factor of 46255?
False
Does 29 divide 491722?
False
Does 11 divide 1824748?
False
Is 1229 a factor of 9470674?
True
Is 24 a factor of 9517519?
False
Is 13 a factor of 700102?
True
Is 6529 a multiple of 35?
False
Is 73 a factor of 1742348?
False
Is 1297972 a multiple of 27?
False
Does 4 divide 182536?
True
Is 773481 a multiple of 18?
False
Is 245991 a multiple of 94?
False
Is 142336 a multiple of 2?
True
Is 37779 a multiple of 49?
True
Is 14079383 a multiple of 17?
True
Is 37 a factor of 24162?
False
Does 54 divide 1767548?
False
Is 174 a factor of 2581638